test common divisor of 41776 and 3024?
112
What is the greatest common divisor of 1296 and 326052?
108
Calculate the highest common divisor of 495 and 27940.
55
Calculate the highest common factor of 30915 and 783.
27
What is the highest common factor of 50112 and 5076?
108
Calculate the greatest common divisor of 20673 and 117.
9
Calculate the highest common divisor of 5 and 235295.
5
What is the greatest common factor of 8505 and 517860?
945
Calculate the highest common factor of 77804 and 6148.
212
What is the highest common divisor of 251413 and 391?
391
Calculate the highest common factor of 7020949 and 221.
221
What is the highest common divisor of 120381 and 3?
3
What is the greatest common divisor of 7420491 and 486?
243
What is the greatest common divisor of 994880 and 640?
320
Calculate the greatest common divisor of 34808 and 684.
76
What is the greatest common factor of 6885 and 5015?
85
Calculate the greatest common divisor of 4332 and 9348.
228
Calculate the highest common divisor of 54736 and 528.
176
What is the highest common factor of 473 and 14792?
43
Calculate the greatest common divisor of 385 and 12110.
35
Calculate the greatest common divisor of 4228946 and 802.
802
What is the highest common factor of 20 and 6592540?
20
Calculate the highest common factor of 504068 and 276.
92
What is the highest common divisor of 1064 and 88464?
152
What is the highest common divisor of 52 and 20982?
26
What is the greatest common divisor of 277263 and 351?
27
Calculate the highest common divisor of 3243 and 1311.
69
Calculate the greatest common factor of 1835 and 40003.
367
What is the highest common divisor of 5490 and 630?
90
Calculate the highest common factor of 311967 and 153.
153
Calculate the greatest common divisor of 5518 and 3348.
62
What is the highest common factor of 330 and 11660?
110
Calculate the greatest common factor of 3399 and 38016.
33
Calculate the greatest common divisor of 269892 and 1176.
588
What is the greatest common divisor of 2740 and 67404?
548
Calculate the highest common divisor of 8 and 812180.
4
What is the highest common factor of 12 and 15692?
4
What is the highest common factor of 180 and 4670?
10
What is the greatest common divisor of 1200350 and 50?
50
What is the highest common factor of 141 and 768?
3
What is the highest common factor of 43638 and 672?
42
What is the greatest common factor of 27330 and 66?
6
What is the highest common divisor of 4290 and 340626?
858
Calculate the highest common factor of 7876 and 45108.
716
Calculate the greatest common divisor of 77 and 560.
7
What is the greatest common divisor of 2168 and 472?
8
What is the highest common factor of 134 and 22981?
67
Calculate the greatest common factor of 2623 and 53314.
61
What is the greatest common factor of 341 and 66061?
31
What is the highest common divisor of 664432 and 317?
317
What is the highest common factor of 112 and 73640?
56
Calculate the highest common divisor of 828 and 14853492.
828
What is the greatest common factor of 38565 and 6?
3
Calculate the highest common divisor of 83712 and 17664.
768
What is the highest common factor of 102 and 9962?
34
What is the highest common divisor of 6467 and 377?
29
Calculate the highest common factor of 304678 and 18150.
242
Calculate the highest common factor of 2443549 and 79.
79
What is the highest common factor of 77416 and 4?
4
Calculate the highest common divisor of 8610 and 5880.
210
What is the greatest common divisor of 3328 and 59137?
13
What is the greatest common divisor of 11 and 112552?
11
Calculate the highest common divisor of 61946 and 94.
94
What is the highest common divisor of 107 and 1662887?
107
What is the greatest common divisor of 20 and 12732?
4
What is the greatest common divisor of 43635 and 75?
15
What is the greatest common factor of 3580 and 2300?
20
What is the greatest common factor of 679 and 10136?
7
Calculate the greatest common divisor of 74 and 347245.
37
What is the greatest common factor of 120301 and 59?
59
Calculate the greatest common divisor of 215056 and 92.
4
Calculate the greatest common divisor of 375027 and 123.
123
What is the greatest common factor of 11592 and 3128?
184
Calculate the greatest common divisor of 418 and 23606.
22
Calculate the highest common divisor of 20074 and 18.
2
What is the highest common factor of 731 and 18576?
43
What is the greatest common divisor of 2952 and 568?
8
What is the greatest common factor of 710562 and 6504?
1626
Calculate the greatest common factor of 150 and 11430.
30
Calculate the greatest common divisor of 7268 and 460.
92
Calculate the highest common divisor of 710 and 12490.
10
Calculate the highest common factor of 205548 and 48.
12
Calculate the highest common divisor of 341 and 1478917.
341
What is the highest common factor of 941919 and 391?
391
What is the greatest common factor of 761098 and 292?
146
Calculate the greatest common factor of 255 and 210885.
255
What is the highest common factor of 1305680 and 4940?
380
What is the highest common divisor of 1815 and 88?
11
What is the highest common divisor of 143 and 244959?
143
What is the greatest common divisor of 28510 and 460?
10
Calculate the greatest common factor of 612 and 52146.
18
Calculate the greatest common divisor of 391 and 1403.
23
Calculate the greatest common divisor of 448 and 5504.
64
Calculate the highest common divisor of 4672 and 1241.
73
What is the greatest common factor of 1557 and 596331?
1557
Calculate the greatest common factor of 799 and 2822867.
799
Calculate the highest common factor of 208 and 264498.
26
Calculate the highest common divisor of 177999 and 21.
3
Calculate the highest common divisor of 75801 and 66.
33
What is the greatest common divisor of 663 and 79950?
39
Calculate the highest common divisor of 266 and 302309.
133
What is the greatest common divisor of 218190 and 210?
210
What is the highest common factor of 386 and 317292?
386
Calculate the highest common divisor of 2780996 and 476.
68
Calculate the greatest common divisor of 2871 and 9801.
99
What is the highest common divisor of 1527564 and 24?
12
Calculate the greatest common factor of 3617896 and 2192.
1096
What is the highest common divisor of 12 and 768024?
12
Calculate the highest common divisor of 1036505 and 15.
5
Calculate the greatest common factor of 48 and 232720.
16
Calculate the greatest common factor of 1146 and 426.
6
What is the highest common factor of 132 and 2816?
44
What is the greatest common factor of 600 and 382488?
24
What is the greatest common factor of 51696 and 252?
36
Calculate the greatest common factor of 4397186 and 17.
17
What is the highest common factor of 244 and 220?
4
Calculate the highest common factor of 225 and 160575.
75
What is the highest common factor of 152 and 23056?
8
Calculate the greatest common factor of 14820 and 6110.
130
What is the highest common factor of 9 and 9645?
3
Calculate the highest common divisor of 14 and 613702.
2
Calculate the greatest common divisor of 14288 and 2.
2
What is the greatest common divisor of 1722510 and 90?
90
What is the highest common factor of 7134 and 6351?
87
Calculate the greatest common factor of 289814 and 326.
326
Calculate the highest common factor of 3016 and 53612.
52
Calculate the greatest common divisor of 28083 and 444.
111
Calculate the greatest common factor of 8290 and 2226694.
1658
Calculate the highest common factor of 1218 and 34174.
14
Calculate the highest common factor of 1724 and 590039.
431
What is the highest common factor of 9843 and 219441?
579
Calculate the greatest common divisor of 102 and 6596391.
51
What is the highest common divisor of 151215 and 120?
15
Calculate the greatest common divisor of 91904 and 10411.
359
What is the highest common divisor of 19845 and 195?
15
What is the greatest common factor of 15 and 258?
3
Calculate the greatest common divisor of 1032 and 2616.
24
What is the greatest common divisor of 1880 and 753645?
235
What is the highest common divisor of 91689 and 78?
39
What is the highest common factor of 246168 and 156?
156
Calculate the highest common factor of 2774742 and 933.
933
Calculate the highest common factor of 5595 and 44295.
15
What is the highest common divisor 